{"id":2185,"date":"2023-12-07T22:49:32","date_gmt":"2023-12-07T21:49:32","guid":{"rendered":"https:\/\/lynelle.fr\/?post_type=product&#038;p=2185"},"modified":"2025-12-17T20:20:10","modified_gmt":"2025-12-17T19:20:10","slug":"collants-professionnels-line-couleur-chair","status":"publish","type":"product","link":"https:\/\/lynelle.fr\/en\/product\/collants-professionnels-line-couleur-chair\/","title":{"rendered":"Collants r\u00e9silles professionnels Line couture Chair &#8211; TAN &#8211; \u00c9l\u00e9gants | Lynelle"},"content":{"rendered":"<p data-start=\"317\" data-end=\"612\"><strong data-start=\"317\" data-end=\"387\">Les collants r\u00e9silles professionnels couture couleur chair Lynelle<\/strong> incarnent l\u2019\u00e9l\u00e9gance discr\u00e8te et la performance de la danse professionnelle. Leur <strong data-start=\"470\" data-end=\"495\">ligne couture arri\u00e8re<\/strong> apporte une touche haute couture subtile qui sublime la silhouette tout en conservant un rendu naturel et raffin\u00e9.<\/p>\n<p data-start=\"619\" data-end=\"887\">Con\u00e7us comme de v\u00e9ritables <strong data-start=\"646\" data-end=\"682\">collants de danse professionnels<\/strong>, ces collants r\u00e9silles couleur chair sont <strong data-start=\"725\" data-end=\"745\">sans d\u00e9marcation<\/strong>, pour un effet seconde peau \u00e9l\u00e9gant et homog\u00e8ne. Leur <strong data-start=\"800\" data-end=\"817\">teinte<\/strong>\u00a0illumine la jambe et s\u2019adapte parfaitement \u00e0 toutes les carnations.<\/p>\n<p data-start=\"894\" data-end=\"1206\">Fabriqu\u00e9s dans une <strong data-start=\"913\" data-end=\"957\">mati\u00e8re r\u00e9sistante de qualit\u00e9 sup\u00e9rieure<\/strong>, ils offrent un confort optimal et un excellent maintien tout au long de la journ\u00e9e. Les <strong data-start=\"1047\" data-end=\"1066\">pieds renforc\u00e9s<\/strong>, exclusivit\u00e9 Lynelle, assurent une durabilit\u00e9 exceptionnelle : des collants qui <strong data-start=\"1147\" data-end=\"1179\">ne se trouent pas facilement<\/strong>, m\u00eame en usage intensif.<\/p>\n<p data-start=\"1213\" data-end=\"1394\">Ces collants couture couleur chair <strong data-start=\"1248\" data-end=\"1274\">affinent la silhouette<\/strong>, allongent visuellement la jambe et donnent des <strong data-start=\"1323\" data-end=\"1359\">jambes \u00e9l\u00e9gantes et harmonieuses<\/strong>, quelle que soit la morphologie.<\/p>\n<p data-start=\"1401\" data-end=\"1573\">Adapt\u00e9s \u00e0 la <strong data-start=\"1414\" data-end=\"1480\">danse cabaret, burlesque, tango, danse classique, danse latine<\/strong>, ils sont \u00e9galement parfaits <strong data-start=\"1510\" data-end=\"1526\">au quotidien<\/strong>, sous une tenue habill\u00e9e ou professionnelle.<\/p>\n<p data-start=\"1580\" data-end=\"1859\">Disponibles en <strong data-start=\"1595\" data-end=\"1616\">tailles S, M et L<\/strong>, ces collants r\u00e9silles professionnels couleur chair conviennent aussi bien aux personnes petites qu\u2019aux grandes silhouettes. Un mod\u00e8le incontournable, \u00e0 la fois <strong data-start=\"1778\" data-end=\"1814\">r\u00e9sistant, \u00e9l\u00e9gant et intemporel<\/strong>, tr\u00e8s appr\u00e9ci\u00e9 par les artistes et danseurs.<\/p>","protected":false},"excerpt":{"rendered":"<p>Collants r\u00e9silles professionnels couture couleur chair Lynelle. Ligne couture arri\u00e8re, sans d\u00e9marcation, pieds renforc\u00e9s. Effet naturel, \u00e9l\u00e9gants et r\u00e9sistants. Tailles S, M et L.<\/p>","protected":false},"featured_media":2359,"comment_status":"closed","ping_status":"closed","template":"","meta":{"_kadence_starter_templates_imported_post":false,"_kad_post_transparent":"default","_kad_post_title":"","_kad_post_layout":"default","_kad_post_sidebar_id":"","_kad_post_content_style":"default","_kad_post_vertical_padding":"default","_kad_post_feature":"","_kad_post_feature_position":"","_kad_post_header":false,"_kad_post_footer":false,"_kad_post_classname":""},"product_brand":[],"product_cat":[46],"product_tag":[],"class_list":{"0":"post-2185","1":"product","2":"type-product","3":"status-publish","4":"has-post-thumbnail","6":"product_cat-collants-professionnels","8":"first","9":"instock","10":"taxable","11":"shipping-taxable","12":"purchasable","13":"product-type-variable","14":"entry","15":"content-bg","16":"loop-entry"},"jetpack_sharing_enabled":true,"_links":{"self":[{"href":"https:\/\/lynelle.fr\/en\/wp-json\/wp\/v2\/product\/2185","targetHints":{"allow":["GET"]}}],"collection":[{"href":"https:\/\/lynelle.fr\/en\/wp-json\/wp\/v2\/product"}],"about":[{"href":"https:\/\/lynelle.fr\/en\/wp-json\/wp\/v2\/types\/product"}],"replies":[{"embeddable":true,"href":"https:\/\/lynelle.fr\/en\/wp-json\/wp\/v2\/comments?post=2185"}],"wp:featuredmedia":[{"embeddable":true,"href":"https:\/\/lynelle.fr\/en\/wp-json\/wp\/v2\/media\/2359"}],"wp:attachment":[{"href":"https:\/\/lynelle.fr\/en\/wp-json\/wp\/v2\/media?parent=2185"}],"wp:term":[{"taxonomy":"product_brand","embeddable":true,"href":"https:\/\/lynelle.fr\/en\/wp-json\/wp\/v2\/product_brand?post=2185"},{"taxonomy":"product_cat","embeddable":true,"href":"https:\/\/lynelle.fr\/en\/wp-json\/wp\/v2\/product_cat?post=2185"},{"taxonomy":"product_tag","embeddable":true,"href":"https:\/\/lynelle.fr\/en\/wp-json\/wp\/v2\/product_tag?post=2185"}],"curies":[{"name":"wp","href":"https:\/\/api.w.org\/{rel}","templated":true}]}}

Collants résilles professionnels Line couture Chair &#8211; TAN &#8211; Élégants | Lynelle

<p data-start="317" data-end="612"><strong data-start="317" data-end="387">Les collants résilles professionnels couture couleur chair Lynelle</strong> incarnent l’élégance discrète et la performance de la danse professionnelle. Leur <strong data-start="470" data-end="495">ligne couture arrière</strong> apporte une touche haute couture subtile qui sublime la silhouette tout en conservant un rendu naturel et raffiné.</p>
<p data-start="619" data-end="887">Conçus comme de véritables <strong data-start="646" data-end="682">collants de danse professionnels</strong>, ces collants résilles couleur chair sont <strong data-start="725" data-end="745">sans démarcation</strong>, pour un effet seconde peau élégant et homogène. Leur <strong data-start="800" data-end="817">teinte</strong> illumine la jambe et s’adapte parfaitement à toutes les carnations.</p>
<p data-start="894" data-end="1206">Fabriqués dans une <strong data-start="913" data-end="957">matière résistante de qualité supérieure</strong>, ils offrent un confort optimal et un excellent maintien tout au long de la journée. Les <strong data-start="1047" data-end="1066">pieds renforcés</strong>, exclusivité Lynelle, assurent une durabilité exceptionnelle : des collants qui <strong data-start="1147" data-end="1179">ne se trouent pas facilement</strong>, même en usage intensif.</p>
<p data-start="1213" data-end="1394">Ces collants couture couleur chair <strong data-start="1248" data-end="1274">affinent la silhouette</strong>, allongent visuellement la jambe et donnent des <strong data-start="1323" data-end="1359">jambes élégantes et harmonieuses</strong>, quelle que soit la morphologie.</p>
<p data-start="1401" data-end="1573">Adaptés à la <strong data-start="1414" data-end="1480">danse cabaret, burlesque, tango, danse classique, danse latine</strong>, ils sont également parfaits <strong data-start="1510" data-end="1526">au quotidien</strong>, sous une tenue habillée ou professionnelle.</p>
<p data-start="1580" data-end="1859">Disponibles en <strong data-start="1595" data-end="1616">tailles S, M et L</strong>, ces collants résilles professionnels couleur chair conviennent aussi bien aux personnes petites qu’aux grandes silhouettes. Un modèle incontournable, à la fois <strong data-start="1778" data-end="1814">résistant, élégant et intemporel</strong>, très apprécié par les artistes et danseurs.</p>

<p>Collants résilles professionnels couture couleur chair Lynelle. Ligne couture arrière, sans démarcation, pieds renforcés. Effet naturel, élégants et résistants. Tailles S, M et L.</p>
